+ 2*i**2 + i. Let s be w(-1). What is the remainder when 16 is divided by (s - -1)/((-3)/(-18))?
4
Let r = -6 + 5. Let a = 5 + r. Calculate the remainder when 6 is divided by a.
2
Let w(j) = 5*j**2 - 5*j + 2. What is the remainder when w(6) is divided by 31?
28
Let w(z) = 4*z**3 + z**3 - 3 - 2*z - 3*z + 3*z**2 - 4*z**3. Let b = 8 - 11. Calculate the remainder when 47 is divided by w(b).
11
Suppose 2*f + 52 = -3*h, 4*f - 6 = -2. Let w = 28 + h. What is the remainder when 39 is divided by w?
9
Let v(m) = m + 2*m**3 + 3*m + 2*m**2 - 20*m**3 - 3*m + 2. Let c be v(-2). Suppose 0*k = -4*k + c. What is the remainder when k is divided by 10?
8
Let r(z) = 9*z - 9. What is the remainder when r(8) is divided by 11?
8
Let f(t) = -2*t - 17. Let u be f(-9). Calculate the remainder when 25 is divided by 3 - u - 11/(-1).
12
Let c be (-6)/6*(-10 + -1). Suppose -13 = -o + m, 3*o - m - 18 = c. Calculate the remainder when o is divided by 3.
2
Let x(p) = -p + 3 - 1 + 5. Let o(k) = -k + 13. Let b(d) = -6*o(d) + 11*x(d). What is the remainder when b(-5) is divided by 13?
11
Let a = 23 + 1. Let x = -12 + a. Suppose 2*w = 0, -2*p + w + 36 = -8. Calculate the remainder when p is divided by x.
10
Let x(m) = 4*m - 4. Let t be x(3). Suppose 0 = -0*j - j + 10. What is the remainder when j is divided by 0 - 3/((-6)/t)?
2
What is the remainder when (304/32)/(2/28) is divided by 40?
13
Suppose -r + 0*r = -18. Calculate the remainder when 17 is divided by (-5)/(-10) + r/4.
2
Suppose 3*h - 8 = -h. Suppose x = -h*x + 33. What is the remainder when 41 is divided by x?
8
Let y = 31 - 18. Let x = 51 - y. Calculate the remainder when x is divided by 10.
8
Suppose -10 = -5*f + 4*f - 2*h, -2*h + 4 = 0. Calculate the remainder when 63 is divided by f.
3
Suppose -24*v + 51 = -23*v. Calculate the remainder when v is divided by 19.
13
Let h(o) = 17*o**3 + 2*o**2 - o. Suppose -5*k = -k - 140. What is the remainder when k is divided by h(1)?
17
Let t(v) = -v**3 - 11*v**2 - 13*v - 15. Calculate the remainder when t(-10) is divided by 8.
7
Suppose 0*x + 5*x = 5*s + 95, -x = 4*s + 6. Calculate the remainder when 27 is divided by x.
13
Suppose 0*m = 5*m - 390. Calculate the remainder when m is divided by 16.
14
Let c = 65 + -46. Suppose a = -s + 1, -26 = -2*a + 4*s - 0. What is the remainder when c is divided by a?
4
Suppose -u = -5*z + 46, 0 = -4*z + 3*u + 24 + 4. Suppose z = w + 4*w. What is the remainder when 5 is divided by w?
1
Let q be 3*20*15/18. Suppose -3*p + q = -2*p. Suppose -2*r - p = -4*r. What is the remainder when r is divided by 9?
7
Suppose -z = -0*z - 1. Let f(r) = -3 + z - r + 0*r + 2*r. Calculate the remainder when 10 is divided by f(5).
1
Suppose -2*z = 2*r - 56, 3*z = 4*r + r + 92. What is the remainder when z is divided by 6?
5
Suppose 9 = 3*o - 9. Let l(r) = -r + 8. What is the remainder when l(o) is divided by 1?
0
Suppose -6 = -4*p + 10. Suppose c = p*c - 27. Let h = 17 - -8. Calculate the remainder when h is divided by c.
7
Let b = 12 + 22. Let i be 5 + 1 + 4 + -6. Suppose -y + 3*y = -i, 3*d = 2*y + 40. Calculate the remainder when b is divided by d.
10
Let o(s) = -s**3 - 3*s**2 + 2*s - 4. Let u be o(-4). Suppose m - 28 = -u. Let x(f) = f**2 - 4*f + 1. What is the remainder when m is divided by x(6)?
11
Suppose 317 = 4*k + 2*g + g, 2*g = -2*k + 158. Let x = 10 - -7. Calculate the remainder when (16/(-10))/((-4)/k) is divided by x.
15
Let x = -1 - -1. Suppose 5*l - 2*l - 60 = 0. Calculate the remainder when l is divided by 2 + 5 + (0 - x).
6
Let r(t) = t + 2. Let x be r(-4). Let y(z) = 4*z**2 + z. Let k = 47 + -21. What is the remainder when k is divided by y(x)?
12
Suppose -4*p - p = 5. What is the remainder when p + 22*1 + 2 is divided by 8?
7
Suppose 0 = -3*y + 3*x - 4*x + 766, 4*x = -y + 270. Suppose -5*t = -5*q - 230, 3*q - y = -3*t - 2*t. Calculate the remainder when t is divided by 25.
24
Suppose -3*a + 60 = a. What is the remainder when (58/8)/(4/16) is divided by a?
14
Suppose 0*k - 3*k - v = -94, 0 = 3*k + 3*v - 84. Let z = k + 2. Calculate the remainder when z is divided by 12.
11
Suppose q - f - 13 = 0, 3*q = -4*f - 1 + 26. What is the remainder when 19 is divided by q?
8
Let n(g) = -g**3 - 4*g**2 + 2*g + 6. Suppose 0*h + 3*h = 0. Suppose h = 5*r + 3*b + 40, 7*b = -r + 2*b - 30. Calculate the remainder when n(r) is divided by 11.
10
Calculate the remainder when 63 is divided by -4*(4 - 1)*6/(-9).
7
Let h(q) = -13*q - 7. Let f be h(-7). Let o = f + -44. What is the remainder when o is divided by 14?
12
Suppose 0 = -5*l + o + 32, -l - 7 = 5*o - 29. Suppose 0 = 5*h - 5, 0*h = 3*i + 4*h - 10. Calculate the remainder when l is divided by i.
1
Let b(h) = 12*h**3 + 3*h**2 + h - 3. Let i be b(-3). Calculate the remainder when 2/(-8) + i/(-12) is divided by 9.
7
Suppose -3*d = -19 - 8. Calculate the remainder when 35 is divided by d.
8
Let u be (2/4)/(7/(-28)). What is the remainder when (-208)/(-10) - (-3)/15 is divided by (1/u)/(1/(-16))?
5
Suppose -5*v = 3*p - 50, -2*p + 24 = v + 7. Suppose 0 = 2*l - v*l + 75. What is the remainder when (9 - 10) + 30*1 is divided by l?
14
Let x = 114 + -89. What is the remainder when 90 is divided by x?
15
Suppose 6*r = 2*r + 164. Calculate the remainder when r is divided by (-1)/((-2)/30) - 1.
13
Let k = 112 - 62. Suppose 7*n - k = 2*n. Calculate the remainder when n is divided by 3.
1
Suppose -g + 7 = -0. Suppose -5*f + 152 = 57. Suppose o - f = -6. Calculate the remainder when o is divided by g.
6
Let j(k) = k**3 + k**2 - 2*k + 2. Let y be j(-3). Let w = y - -22. Suppose l - 35 = -0*l. What is the remainder when l is divided by w?
11
Suppose -7*f + 2*r + 70 = -2*f, -4*f + 2*r + 56 = 0. What is the remainder when 83 is divided by f?
13
Let u = 84 - 3. Let o = u - 52. What is the remainder when 86 is divided by o?
28
Calculate the remainder when 23 is divided by (-10)/25 + 168/20.
7
Calculate the remainder when 5 is divided by 5*20/25 - 2.
1
Let b(u) = -2*u**2 - 34*u - 33. Calculate the remainder when b(-14) is divided by 26.
25
Let u(p) = p**3 + 10*p**2 - 2*p + 9. What is the remainder when u(-10) is divided by 6?
5
Suppose -33 = -11*l + 429. What is the remainder when 250 is divided by l?
40
Let g be (-15 + (1 - 2))/(-2). Let m(y) = -y**2 + 8*y + 3. Calculate the remainder when m(7) is divided by 46/8 - (-2)/g.
4
Let l(k) = 67*k + 1. Suppose 2*n - 46 = v, -v + 39 = 3*n - 30. Calculate the remainder when l(1) is divided by n.
22
Suppose 4*q - 10 = 3*l - 4*l, -5*l - 2*q + 32 = 0. Let d = 10 - l. Suppose -5*t - 4 = -d*o, -10 = -5*o + 6*t - t. What is the remainder when o is divided by 4?
2
What is the remainder when 49 is divided by (4 - -5)/3 + 23?
23
What is the remainder when 83 is divided by (-8)/3*9*(-28)/24?
27
Suppose -43 = -2*t - 5*o, -5*t + 20 = -7*o + 2*o. Suppose 0 = -v - 0*v - 7. Let u = v + t. Calculate the remainder when 4 is divided by u.
0
Suppose -2*c = -3*c. Suppose c = 2*f - 26 + 8. Calculate the remainder when f is divided by ((6 + -1)*1)/1.
4
Let f(c) = -c**3 + 8*c**2 + 9*c + 22. What is the remainder when 65 is divided by f(9)?
21
Let t(b) = 9*b**2 - 1. Suppose 0 = -g - 5*p + 19, -2*p + 6*p = 16. What is the remainder when 15 is divided by t(g)?
7
Let m = 36 + -24. Let t be (1/(-2))/((-2)/(-12)). Let z = 19 - t. Calculate the remainder when z is divided by m.
10
Let n be 1/(-2)*-4 + 1. Calculate the remainder when 29 is divided by 0 + 9 - (-4 + n).
9
Let m be 46 + 0/4 + -2. Suppose -5*f = -1 - m. What is the remainder when f is divided by 6?
3
Let u be ((-4 - -1) + 2)*0. Suppose 2*o = -u*o + 46. What is the remainder when o is divided by (-196)/(-16) - 1/4?
11
Suppose 2*o - 6 = -4. Suppose 0*h - 5*h = -10. Let i = h - o. What is the remainder when 2 is divided by i?
0
Suppose -4*u - 3*s = -6*s - 12, -5*u + 4*s = -14. Calculate the remainder when 11 is divided by u.
5
Let o = 7 - -1. Let f(p) = -p**2 - 22*p + 28. What is the remainder when o is divided by f(-23)?
3
Let u(r) = 5*r - 5. Let o(l) = l**3 - 11*l**2 + 2*l - 15. Let k be o(11). What is the remainder when 57 is divided by u(k)?
27
Let i = 18 + 0. What is the remainder when 34 is divided by i?
16
Let g be 2*(75/(-6))/(-5). Let y(a) = -a + 11. Calculate the remainder when 17 is divided by y(g).
5
Let k(x) = -5*x + 69. What is the remainder when k